lculate l(p).
5
Let s = -51 - -79. Let y be 3/9 - s/(-6). Let n(v) = 2*v + 1 - v - 2*v. Calculate n(y).
-4
Let p(n) be the second derivative of n**2 + 1/12*n**4 - 4*n + 1/6*n**3 + 0. Calculate p(-3).
8
Let d(j) = j**2 - 5*j - 1. Let x(f) = -f**3 + 6*f**2 - 8*f + 3. Let c be x(3). Calculate d(c).
5
Let p(s) = -s + 4. Let m = -160 + 152. Calculate p(m).
12
Let x(k) = -k**3 + k. Let f be x(-1). Let p(z) be the first derivative of -z**3/3 + z**2/2 - 13*z + 1. Give p(f).
-13
Let h(l) = -l**2 + 5*l - 4. Let f = -20 - -20. Suppose 0 = 5*n - f*n - 30. Calculate h(n).
-10
Let c(t) = -5*t**2 + 27*t + 37. Let k(u) = u**2 - 7*u - 9. Let b(o) = -2*c(o) - 9*k(o). Calculate b(-8).
-1
Let c(u) = 2*u**3 + 4*u**2 - 8*u - 9. Let a(z) = -z**3 + z**2. Let m(y) = -a(y) - c(y). Determine m(-6).
-3
Let s be (-10)/(-8)*(-5 + 1). Let b be 0 + 6 + s + 3. Let f(c) be the third derivative of c**6/120 - c**5/20 - 7*c**4/24 + 5*c**3/6 + 2*c**2. Give f(b).
-7
Let t(b) = -b**2 - 5*b + 7. Suppose -5*n = -n. Suppose 0 = -n*p - p - 5. Give t(p).
7
Let n(d) = -12*d**3 + 2*d**2 - 1. Let b(i) = -i**2 - 3*i - 1. Let r be b(-2). Give n(r).
-11
Let r(j) = j**3 - 5*j**2. Let l be 203/(-63) - (-4)/18. Let y = 2 - l. Give r(y).
0
Let z(s) = -3 + 8 + s - 3*s + s. Calculate z(0).
5
Let z(c) = 6*c**2 - c - 1. Let q(y) = y + 13. Let v be q(-9). Suppose -4*i = 4, j + 3*j + v*i + 8 = 0. Calculate z(j).
6
Let d = 6/17 + -127/408. Let o(s) be the third derivative of 0 + 2*s**2 + 0*s - d*s**4 + 1/6*s**3. What is o(4)?
-3
Let u be 3/12 + (-14)/(-8). Suppose 0*b = 4*b - 32. Suppose -u*s = -6*s + b. Let a(i) = -i**2 - 2*i + 2. Determine a(s).
-6
Suppose -k - 2*d + d = -1, 19 = 4*k + d. Suppose -4*t - k = -7*t. Suppose -t = 3*c + 4. Let n(i) = 2*i**2 + 2*i + 2. What is n(c)?
6
Let v(t) be the third derivative of -t**4/2 - t**3/6 - 20*t**2. Determine v(-1).
11
Let f(t) = 2*t**2 + 27*t + 1. Let m(d) = d**2 + 13*d + 1. Let v(k) = 6*f(k) - 13*m(k). Let j = 5 + -12. Let w = j - -2. Calculate v(w).
3
Let n(h) = h**3 - 4*h**2 + 13*h - 8. Let a(k) = k**3 - 3*k**2 + 14*k - 9. Let r(t) = -5*a(t) + 6*n(t). Give r(8).
-3
Suppose 2*j = -0*j + 4. Suppose -j*b + 3*q = -2*q - 20, -5*q = -5*b + 20. Suppose -2*a - 7 = 5*n + 8, b = 5*a. Let u(w) = -4*w - 3. What is u(n)?
9
Let l = 65 - 62. Let n(q) = q**3 - 3*q**2 - 3*q + 1. Calculate n(l).
-8
Let m(s) = s + 8. Let h be 2/13 + (-432)/104. Determine m(h).
4
Suppose -4*b = -12 - 8. Let w(t) be the third derivative of -2*t**2 + 0*t - 1/6*t**3 + 1/20*t**6 + 0 + 1/12*t**4 - 1/60*t**b. Determine w(1).
6
Suppose 0 = 2*t - 0 + 6. Let v(h) = h**2 + 5*h + 4. Give v(t).
-2
Let v(g) = 2*g**2 - 2*g + 1. Let y(z) = -z**2 + 3*z. Let w(o) = 2*v(o) + 3*y(o). What is w(-5)?
2
Let d(a) be the first derivative of 0*a - 1 - 1/3*a**3 + 1/2*a**2. Let p(g) = -g**3 + 2*g**2 - 2*g + 1. Let o(j) = 3*d(j) + p(j). Determine o(0).
1
Let c(t) be the first derivative of -3/2*t**2 - 4 - 1/4*t**4 + 6*t - 2*t**3. Suppose 0 = -4*b + b + 4*g - 27, 3*g = -b + 4. Give c(b).
-4
Let o(n) = 8*n**2 + 2*n + 2*n**2 - n. Let c(l) = -l**2 - 3*l + 9. Let d be c(-5). Calculate o(d).
9
Let l(b) be the second derivative of 5*b**3/6 + 2*b**2 - 4*b. What is l(-4)?
-16
Let d(r) = -r**3 + 4*r**2 + 3*r + 5. Suppose -2*y = 4*s, -5*s = 3*y + y - 3. Suppose y*j = -j + 15. Determine d(j).
-5
Suppose 0 = -5*l + 56 + 64. Let i be 74/(-10) + l/(-40). Let f = -5 - i. Let a(u) = u**3 - 3*u**2 + 3*u. What is a(f)?
9
Let o(h) = -h**3 - 7*h**2 + 9*h + 6. Let l be o(-8). Let d(i) = -2*i**3 - 3*i**2 - 2*i - 3. What is d(l)?
5
Suppose -f = 2*l + 3, -2*l - 3 = 2*f + 1. Let v = f - -5. Let p(x) = 2*x - 9*x**2 + v + 10*x**2 + 5*x. Determine p(-6).
-2
Let s = 13 - 3. Let a be (-65)/25 - 4/s. Let m(k) = -2*k**2 - 2*k + 3. Determine m(a).
-9
Let l(i) = -5*i + 4. Let c(a) = a**3 + a. Let t(d) = 7*d**3 - 10*d**2 + 16*d - 12. Let x(w) = 6*c(w) - t(w). Let f be x(9). Determine l(f).
-11
Let n(l) be the second derivative of 0*l**2 + 0*l**3 + 1/720*l**6 + 0 - 1/4*l**4 + 2*l + 1/30*l**5. Let g(c) be the third derivative of n(c). Calculate g(4).
8
Let r = 43 - 50. Let w(v) = v**2 + 7*v + 3. Calculate w(r).
3
Let i(g) = -g + 2. Let o be i(3). Let b(w) = -w**2 + 1. Let r(n) = -3*n**2 - 3*n + 7. Let m(x) = o*r(x) + 4*b(x). What is m(4)?
-7
Let b(z) be the third derivative of -1/24*z**4 - 2*z**2 + 0 + 1/2*z**3 + 0*z. Suppose 3*y - y = 10. Determine b(y).
-2
Let l be ((-6)/(-5))/(4/30). Let z = l - 6. Suppose z*x - 1 = -7. Let s(g) = -g - 2. Give s(x).
0
Let v(x) = 2*x**2 - 1. Suppose 10*p - 3 = 7. Calculate v(p).
1
Let b(r) = -6*r**3 + 3 - 1 + 6*r**3 + 5*r**2 + r**3. What is b(-5)?
2
Suppose -3*k - 2*k - 15 = 0. Let d(o) = 2*o + 4 + 2 - 3 - 3*o. Calculate d(k).
6
Let y(n) = n**3 - 8*n**2 + 6*n + 4. Let m be y(7). Let v = -1 - m. Suppose -6 = -3*i - 3*d, 0*i = v*i + 3*d - 9. Let o(z) = -z + 3. Give o(i).
6
Let f(m) = m**2 - 7*m + 5. Let d(q) = -2*q**2 + 15*q - 10. Let b(j) = -2*d(j) - 5*f(j). Suppose -32 + 7 = -5*u. Determine b(u).
-5
Let u(i) = -i**2 - 6*i + 16*i - 5 - 11*i - 3*i. Determine u(-5).
-10
Let z(v) = -v**2 + 10*v - 10. Suppose -88 = -3*t - 8*t. Determine z(t).
6
Let n = 25 + -18. Let p(x) = -x**2. Let w(f) = 3*f**2 - 8*f + 10. Let z(j) = 2*p(j) + w(j). Calculate z(n).
3
Let k = -4 - -6. Suppose -1 = k*f - 5. Let o(x) = x**3 + x**2 - 2. Determine o(f).
10
Let i(r) be the second derivative of -2*r + 0 + 0*r**3 + 1/20*r**5 - 1/12*r**4 + 0*r**2. What is i(0)?
0
Let n be (2/6)/(-1)*-6. Let o(a) = -n*a - a + 2*a. Let g(s) = 2*s - 8. Let m be g(6). Determine o(m).
-4
Let c(j) = 2*j**3 - j - 1. Suppose 2*n = -7 - 3. Let m be (-1)/n + (-42)/35. Give c(m).
-2
Let s(k) = 11*k**2 + 2*k - 1. Let n be 3/15 + (-16)/(-20). Calculate s(n).
12
Let l = 3 - 0. Let k(x) = 0*x**3 + 6*x**3 + 7*x - 8*x**3 + l*x**3 + 7*x**2 + 4. Determine k(-6).
-2
Let g be (2 + -1)/(1 + 0). Let r(f) = 6*f**3 + f - 1. Let u be r(g). Let z(c) = -2*c - 2*c - 1 + u*c. Give z(3).
5
Suppose 5*i = 4*z + 2*i + 7, 0 = -4*z + 4*i - 12. Let p(x) = 4*x**2 - 1 + 2*x - 2 + x**z - x**3. Suppose 3*y = 7 + 8. What is p(y)?
7
Suppose 0 = 7*c - 2*c - 5. Let j(y) = -2*y**3 + c - 1 - 5*y**3. Suppose 3*a + 7 = 4*i, 4*a + 2 = 3*i - 5. Give j(i).
-7
Let x(a) = a**2 + 13*a + 12. Let j be x(-1). Let n(c) be the second derivative of j + 0*c**4 + c - 1/2*c**2 - 1/6*c**3 - 1/20*c**5. Calculate n(-2).
9
Let w be 0/(-2) - -5 - -1. Let a(o) = 14*o**3 + 12*o**2 + 8*o + 20. Let k(t) = -5*t**3 - 4*t**2 - 3*t - 7. Let y(h) = w*a(h) + 17*k(h). Calculate y(2).
3
Let o(d) = d**3 + 74 - 2*d + 75 - 231 + 3*d**2 + 81. What is o(2)?
15
Let f(h) = -h + 4. Let s(c) = c**3 + 5*c**2 + 6. Let i be s(-5). What is f(i)?
-2
Let z(y) = 3*y**2 + y - 1. Let x = -27 + 25. Calculate z(x).
9
Suppose -3*q = -3*v + 9, 6*v = -3*q + 3*v - 39. Let p(z) = z - 1. Determine p(q).
-9
Let d(s) be the third derivative of -s**4/3 + s**3/6 - 4*s**2. Give d(1).
-7
Let q(a) = 5*a**2 + 45*a - 19. Let k(r) = r**2 + 11*r - 5. Let t(f) = 9*k(f) - 2*q(f). What is t(7)?
7
Let d(i) = 4*i - 3. Let z(r) = 4*r - 4. Suppose 2*s - 12 = 5*s. Let p(v) = s*d(v) + 3*z(v). Give p(2).
-8
Let u(t) be the second derivative of 3*t + 0 + 1/20*t**5 + t**3 - 5/2*t**2 - 5/12*t**4. Determine u(4).
3
Let m(w) be the first derivative of -w**5/120 - w**4/24 + w**3 - 2. Let g(j) be the third derivative of m(j). What is g(-1)?
0
Let i(a) be the first derivative of -a**3/3 + 5*a**2/2 - a + 7. Suppose -3*n + 2 + 10 = 0. Determine i(n).
3
Let w(t) = -2 + 2 - 8 - t + 7. Calculate w(4).
-5
Let i(c) be the first derivative of -c**4/4 - 2*c**3 - 3*c**2 + 1. Let v(l) = 8 + 0*l**2 - 5 + 13*l + l**2 + 4. Let d be v(-12). Give i(d).
5
Let q(a) = 4*a**3 - a**2 - a - 1. Let s(t) = 7*t**3 - 3*t**2 - t - 1. Let m(x) = 5*q(x) - 3*s(x). Determine m(4).
-10
Let p(g) = 6*g**2 + 7*g + 9. Let m(a) = 9*a**2 + 5*a + 8. Let c(j) = -10*j**2 - 4*j - 7. Let s(q) = 2*c(q) + 3*m(q). Let h(o) = -5*p(o) + 4*s(o). What is h(-4)?
-9
Let p(m) be the second derivative of -m**5/20 + m**4/3 - m**3/6 - 2*m**2 + m. Let r = -8 + 11. What is p(r)?
2
Let h(q) be the third derivative of q**5/15 + q**4/24 - q**3/3 - 4*q**2. Give h(-2).
12
Let k(g) be the second derivative of g**3/6 - 2*g**2 - 6*g. Determine k(4).
0
Let b(d) = -d**2 - 9*d + 4. Let u be b(-9). Let n(l) = 8*l + 1. Let z(y) = 7*y. Let x(g) = u*n(g) - 5*z(g). De